and 1278?
142
Calculate the highest common divisor of 1490 and 122.
2
What is the highest common factor of 314 and 10?
2
Calculate the highest common divisor of 150136 and 2352.
392
Calculate the highest common factor of 473233 and 76.
19
What is the greatest common factor of 4257 and 708554?
473
What is the greatest common factor of 594 and 14454?
198
Calculate the highest common divisor of 812293 and 31.
31
What is the greatest common divisor of 13284 and 891?
81
Calculate the greatest common divisor of 2929 and 29.
29
What is the greatest common factor of 80 and 25030?
10
Calculate the highest common factor of 987752 and 235.
47
Calculate the greatest common divisor of 52070 and 3772.
82
What is the greatest common factor of 12 and 1092849?
3
What is the greatest common factor of 400 and 7319200?
400
What is the highest common divisor of 290830 and 254?
254
What is the highest common divisor of 4963 and 3?
1
What is the greatest common divisor of 184 and 380144?
184
Calculate the greatest common factor of 113920 and 4628.
356
Calculate the greatest common divisor of 47139 and 741.
57
What is the greatest common divisor of 1204 and 45556?
28
What is the highest common factor of 57768 and 330672?
1992
What is the greatest common factor of 229 and 222359?
229
What is the highest common factor of 19335 and 345?
15
Calculate the greatest common divisor of 16304 and 128.
16
What is the greatest common factor of 147 and 117551?
49
Calculate the greatest common divisor of 1014 and 4966.
26
What is the highest common factor of 321435 and 405?
135
What is the greatest common divisor of 97743 and 186?
93
What is the highest common divisor of 359268 and 392?
196
Calculate the highest common divisor of 29036 and 36176.
476
Calculate the greatest common factor of 98 and 1090691.
49
What is the greatest common divisor of 445995 and 187?
187
What is the greatest common factor of 159570 and 4860?
810
What is the highest common factor of 18437 and 11227?
103
Calculate the highest common factor of 24 and 1214376.
24
What is the greatest common factor of 6657744 and 204?
204
Calculate the greatest common factor of 273008 and 2260.
452
Calculate the highest common divisor of 8 and 2173016.
8
What is the greatest common factor of 21096 and 48?
24
Calculate the highest common divisor of 35 and 23615.
5
Calculate the greatest common divisor of 448 and 5215.
7
What is the highest common divisor of 436 and 11332?
4
Calculate the highest common divisor of 9958 and 52.
26
What is the greatest common factor of 2400 and 93300?
300
Calculate the greatest common divisor of 80 and 12100.
20
What is the highest common divisor of 23 and 28221?
23
What is the highest common factor of 13700 and 6700?
100
What is the highest common factor of 9831 and 4176?
87
What is the highest common divisor of 17 and 10181147?
17
What is the greatest common divisor of 621 and 98394?
69
What is the greatest common factor of 2059 and 11107?
29
What is the greatest common divisor of 1251 and 3573?
9
Calculate the greatest common factor of 750387 and 66.
33
What is the greatest common factor of 122712 and 96?
24
Calculate the highest common divisor of 7 and 17392.
1
What is the greatest common divisor of 312 and 145587?
39
What is the greatest common factor of 19392 and 54?
6
Calculate the highest common divisor of 84 and 322574.
14
Calculate the greatest common divisor of 150 and 10000.
50
What is the greatest common divisor of 148907 and 77?
11
What is the greatest common factor of 142272 and 16?
16
What is the highest common factor of 508780 and 360?
20
Calculate the greatest common divisor of 34683 and 429.
33
What is the greatest common factor of 518 and 204610?
518
What is the greatest common factor of 611 and 23?
1
What is the greatest common factor of 3507286 and 38?
38
What is the greatest common factor of 9486 and 89280?
558
Calculate the highest common factor of 9056 and 6226.
566
Calculate the highest common factor of 2282133 and 3815.
763
What is the greatest common divisor of 924 and 6398?
14
Calculate the greatest common factor of 27650 and 2800.
350
Calculate the greatest common factor of 4515 and 2193.
129
What is the greatest common factor of 2229934 and 42?
14
What is the greatest common divisor of 18962275 and 25?
25
Calculate the greatest common divisor of 13207 and 93011.
281
What is the greatest common divisor of 124 and 432?
4
Calculate the greatest common factor of 99 and 44577.
9
Calculate the highest common divisor of 6579902 and 28.
14
Calculate the greatest common factor of 25196 and 6.
2
What is the greatest common factor of 59 and 284321?
59
What is the highest common factor of 1255066 and 653?
653
What is the highest common divisor of 119 and 16014306?
119
Calculate the highest common factor of 23989 and 21.
7
What is the highest common divisor of 423 and 1269?
423
What is the highest common divisor of 64218 and 385?
77
Calculate the highest common divisor of 225 and 2439825.
75
What is the highest common divisor of 66 and 7528422?
66
What is the highest common factor of 9835 and 884026?
281
Calculate the greatest common factor of 6253 and 4847.
37
Calculate the highest common factor of 28320 and 34080.
480
Calculate the greatest common factor of 268 and 124218.
134
What is the greatest common factor of 101070 and 60?
30
What is the greatest common factor of 676 and 3406?
26
What is the highest common factor of 68 and 111826?
34
Calculate the highest common factor of 269279 and 226.
113
Calculate the highest common factor of 55072 and 224.
32
What is the greatest common factor of 420387 and 33?
33
Calculate the greatest common divisor of 2852 and 4784.
92
Calculate the highest common factor of 2756 and 793039.
689
Calculate the highest common factor of 231 and 593229.
21
Calculate the highest common divisor of 324 and 2979.
9
Calculate the greatest common divisor of 2025 and 69.
3
What is the greatest common divisor of 749 and 428?
107
Calculate the greatest common factor of 783 and 21605.
29
What is the greatest common factor of 196 and 1249052?
28
What is the greatest common divisor of 4352 and 27?
1
Calculate the greatest common divisor of 150 and 368250.
150
What is the greatest common factor of 3573 and 747?
9
Calculate the greatest common factor of 2940 and 8940.
60
What is the highest common factor of 875 and 1141?
7
Calculate the highest common divisor of 33600 and 4095.
105
What is the highest common factor of 1476 and 3144?
12
What is the highest common divisor of 839 and 2908813?
839
Calculate the greatest common divisor of 14 and 178682.
14
What is the greatest common divisor of 235718 and 10283?
791
Calculate the greatest common factor of 118 and 1158.
2
What is the greatest common factor of 268994 and 44?
22
Calculate the highest common divisor of 70 and 65870.
70
Calculate the highest common divisor of 420 and 121170.
210
Calculate the highest common divisor of 4550 and 318318.
182
What is the highest common factor of 20426 and 126?
14
What is the highest common divisor of 94960 and 1520?
80
What is the greatest common factor of 35 and 200858?
7
What is the greatest common factor of 38 and 83068?
38
What is the highest common factor of 155 and 570028?
31
Calculate the highest common factor of 7423 and 39.
13
Calculate the highest common factor of 444 and 5514.
6
What is the highest common factor of 6541 and 27219?
211
Calculate the highest common divisor of 72491 and 2059.
71
What is the highest common divisor of 185055 and 6?
3
What is the highest common divisor of 630088 and 2712?
904
What is the highest common factor of 6634 and 3007?
31
What is the greatest common divisor of 16150 and 110466?
646
What is the highest common divisor of 188830 and 5747?
821
What is the highest common divisor of 11828 and 50?
2
Calculate the greatest common factor of 1664617 and 2096.
131
What is the highest common divisor of 5729336 and 152?
152
What is the highest common factor of 336 and 8016?
48
Calculate the greatest common factor of 28849 and 85.
17
Calculate the greatest common divisor of 326 and 429994.
326
What is the highest common divisor of 1248870 and 380?
190
What is the greatest common factor of 128076 and 8502?
78
Calculate the highest common fa